 common factor of 358975 and 25981075.
2075
What is the greatest common factor of 9387 and 37468881?
1341
What is the highest common factor of 209712 and 586988?
1028
What is the highest common factor of 4267 and 15299203?
251
What is the greatest common factor of 12834 and 7698168?
558
Calculate the greatest common divisor of 23260 and 383941190.
11630
What is the highest common divisor of 56092298 and 1132?
566
Calculate the greatest common factor of 3406 and 93080.
26
Calculate the greatest common factor of 10725140 and 28.
4
Calculate the highest common divisor of 130 and 1753171160.
130
Calculate the highest common divisor of 16819686 and 1602.
18
What is the highest common divisor of 561 and 40785261?
561
What is the highest common factor of 325 and 184253810?
65
What is the highest common divisor of 513 and 98680452?
57
Calculate the highest common divisor of 1816 and 431766712.
1816
What is the greatest common divisor of 1135737 and 6201?
477
Calculate the highest common factor of 1021919976 and 243.
243
What is the highest common factor of 1885 and 281575645?
1885
What is the highest common factor of 38366118 and 54?
18
What is the greatest common divisor of 4335264 and 9?
9
Calculate the greatest common divisor of 133 and 8566.
1
Calculate the highest common divisor of 10653 and 44287.
67
What is the highest common factor of 1310846 and 3586?
326
What is the greatest common divisor of 49815 and 603450?
405
What is the highest common factor of 196138 and 2224526?
698
Calculate the greatest common divisor of 6525 and 101493.
9
What is the highest common factor of 1092 and 68121984?
84
What is the greatest common divisor of 2545455 and 84975?
165
What is the highest common factor of 2691 and 848493?
207
Calculate the highest common factor of 1911330 and 387.
9
What is the greatest common divisor of 4995801 and 19314?
261
Calculate the greatest common divisor of 896311 and 143.
13
What is the greatest common factor of 839480 and 24800?
1240
Calculate the greatest common factor of 224397684 and 252.
252
What is the greatest common factor of 22 and 1059068098?
22
Calculate the greatest common factor of 3142560 and 13920.
480
Calculate the highest common divisor of 238474224 and 32.
16
What is the highest common factor of 11773 and 103822?
61
What is the highest common factor of 1136 and 128656544?
1136
What is the highest common factor of 123981 and 2365077?
429
Calculate the highest common divisor of 64 and 7890544.
16
Calculate the highest common factor of 486542 and 61951.
1511
What is the highest common divisor of 99 and 8902377?
99
What is the greatest common divisor of 63215 and 33905?
5
Calculate the greatest common factor of 613459 and 267344.
2387
Calculate the highest common factor of 144993084 and 1332.
444
What is the highest common divisor of 280 and 34145195?
35
Calculate the greatest common divisor of 6144615 and 75.
15
Calculate the greatest common factor of 25933625 and 125.
125
What is the highest common factor of 3033 and 81305631?
3033
What is the highest common divisor of 116993044 and 1321?
1321
What is the highest common factor of 66 and 8502549?
33
Calculate the highest common divisor of 19786464 and 94176.
864
What is the highest common factor of 2208 and 763008?
96
What is the highest common factor of 78 and 409686446?
26
Calculate the greatest common divisor of 47800 and 1000.
200
What is the greatest common factor of 275 and 234388?
11
What is the greatest common divisor of 4525 and 3894925?
25
What is the highest common factor of 1197676 and 176?
4
What is the highest common factor of 486564 and 744?
12
What is the highest common divisor of 74541732 and 1116?
372
What is the highest common divisor of 25136 and 8992?
16
Calculate the highest common divisor of 231 and 497486451.
231
Calculate the highest common factor of 4876480 and 8.
8
Calculate the greatest common factor of 4 and 66707068.
4
What is the highest common divisor of 1916759 and 91?
13
Calculate the highest common factor of 186169 and 429774.
83
Calculate the greatest common divisor of 171 and 7810748.
19
Calculate the greatest common factor of 5038051 and 610.
61
Calculate the highest common factor of 2182 and 253643317.
1091
Calculate the highest common factor of 11398 and 1210894.
82
Calculate the highest common factor of 392 and 6191542.
98
What is the highest common divisor of 22865 and 3054050?
85
Calculate the highest common factor of 2304 and 17069568.
768
What is the highest common divisor of 2244825 and 171?
9
What is the greatest common factor of 8728265 and 247?
13
Calculate the highest common divisor of 2540 and 6225800.
20
Calculate the greatest common factor of 305 and 6715915.
5
What is the greatest common factor of 10649 and 69?
23
Calculate the greatest common divisor of 3393250 and 6094.
554
Calculate the highest common factor of 6916 and 280828.
4
What is the highest common factor of 3959826 and 702?
78
Calculate the greatest common divisor of 139320 and 748888.
344
Calculate the highest common factor of 382176375 and 15.
15
Calculate the greatest common divisor of 125796274 and 488.
122
Calculate the greatest common divisor of 3 and 4121838.
3
Calculate the highest common factor of 73332895 and 75.
5
Calculate the highest common divisor of 333590587 and 1452.
121
Calculate the greatest common divisor of 173345 and 123580.
185
What is the greatest common divisor of 653002 and 364?
14
Calculate the highest common factor of 1431840 and 6460.
380
Calculate the greatest common divisor of 156 and 3489642.
78
What is the highest common factor of 1017767566 and 190?
38
Calculate the highest common factor of 196093197 and 6138.
279
Calculate the greatest common divisor of 25140612 and 47397.
777
Calculate the highest common divisor of 1823584 and 882.
98
Calculate the greatest common factor of 20045 and 114505058.
4009
What is the highest common divisor of 488176 and 10712?
104
What is the highest common factor of 161387576 and 98?
98
What is the highest common factor of 167417 and 13485?
29
Calculate the greatest common divisor of 155 and 3770995.
155
Calculate the greatest common divisor of 23411 and 469933.
571
What is the highest common divisor of 115580625 and 30?
15
What is the highest common divisor of 4258490 and 37265?
1285
Calculate the greatest common divisor of 2044 and 850388.
28
Calculate the highest common factor of 31822968 and 36.
12
Calculate the highest common factor of 5886 and 175037868.
5886
Calculate the greatest common factor of 22096542 and 18.
6
Calculate the highest common factor of 1840 and 928961720.
920
Calculate the greatest common divisor of 146300 and 308.
308
Calculate the highest common factor of 584410 and 15690.
10
Calculate the greatest common factor of 720411 and 44157.
123
What is the highest common factor of 3448337 and 309?
103
What is the greatest common factor of 2157408 and 7656?
264
Calculate the greatest common factor of 5978550 and 640.
10
Calculate the greatest common divisor of 1635 and 11832495.
1635
Calculate the highest common divisor of 107031080 and 845.
845
What is the highest common divisor of 1048 and 31301533?
131
Calculate the greatest common divisor of 728 and 14439096.
56
Calculate the greatest common factor of 3831390 and 64080.
90
What is the greatest common factor of 13588 and 640532?
316
Calculate the highest common factor of 3276 and 1066212.
252
Calculate the highest common divisor of 16543481 and 859.
859
What is the greatest common divisor of 560923494 and 138?
138
What is the highest common divisor of 30730 and 16322020?
4390
What is the greatest common factor of 18995 and 71340?
145
Calculate the highest common factor of 221 and 22066629.
221
What is the greatest common factor of 779639259 and 8682?
4341
Calculate the highest common factor of 806592 and 18048.
192
Calculate the highest common factor of 110 and 711706336.
22
What is the highest common divisor of 108240 and 233372?
164
Calculate the greatest common divisor of 674168 and 13354.
22
What is the greatest common factor of 17078438 and 1768?
442
Calculate the greatest common divisor of 108568 and 56047.
41
Calculate the highest common divisor of 149 and 779125619.
149
Calculate the greatest common divi